{"id":2,"date":"2023-04-14T12:07:25","date_gmt":"2023-04-14T12:07:25","guid":{"rendered":"https:\/\/hmh.nvb.de\/?page_id=2"},"modified":"2023-10-31T18:47:11","modified_gmt":"2023-10-31T18:47:11","slug":"sample-page","status":"publish","type":"page","link":"https:\/\/hmh.nvb.de\/","title":{"rendered":"Home"},"content":{"rendered":"<section id=\"section-2-2\" class=\"oxy-video-background ct-section\" ><div class='oxy-video-container'><video autoplay loop playsinline muted><source src='https:\/\/hmh.nvb.de\/wp-content\/uploads\/2023\/04\/movieformuseum-600.mp4'><\/video><div class='oxy-video-overlay'><\/div><\/div><div class=\"ct-section-inner-wrap\"><div id=\"div_block-106-2\" class=\"ct-div-block\" ><h1 id=\"headline-3-2\" class=\"ct-headline \">&nbsp;Heimathof Itterbeck<\/h1><h3 id=\"headline-178-2\" class=\"ct-headline \">Wilkommen auf unserer Internetseite <br><\/h3><\/div><\/div><\/section>\n\n<section id=\"section-5-2\" class=\" ct-section\" ><div class=\"ct-section-inner-wrap\"><div id=\"div_block-6-2\" class=\"ct-div-block\" ><div id=\"div_block-7-2\" class=\"ct-div-block\" ><img decoding=\"async\"  id=\"image-8-2\" alt=\"\" src=\"https:\/\/hmh.nvb.de\/wp-content\/uploads\/2023\/04\/big-shed.jpg\" class=\"ct-image\"\/><div id=\"text_block-9-2\" class=\"ct-text-block Subheading\" >Kontakt<\/div><div id=\"div_block-10-2\" class=\"ct-div-block wine-preview-wrapper\" ><h3 id=\"headline-11-2\" class=\"ct-headline Heading3\">Kontakt<\/h3><div id=\"text_block-13-2\" class=\"ct-text-block winery-body-text\" >Bei Fragen oder Problemen senden Sie bitte eine E-Mail an folgende E-Mail-Adresse<br><br><\/div><a id=\"link_text-126-2\" class=\"ct-link-text\" href=\"mailto:%20yvettecolourfullart@gmail.com\"   >yvettecolourfullart@gmail.com<\/a><\/div><\/div><div id=\"div_block-14-2\" class=\"ct-div-block\" ><img decoding=\"async\"  id=\"image-15-2\" alt=\"\" src=\"https:\/\/hmh.nvb.de\/wp-content\/uploads\/2023\/04\/tablicainfo.jpg\" class=\"ct-image\"\/><div id=\"text_block-16-2\" class=\"ct-text-block Subheading\" >Kalender<\/div><div id=\"div_block-17-2\" class=\"ct-div-block wine-preview-wrapper\" ><h3 id=\"headline-18-2\" class=\"ct-headline Heading3\">\u00d6ffnungszeiten<\/h3><div id=\"text_block-20-2\" class=\"ct-text-block winery-body-text\" >Sie sind herzlich eingeladen, den Heimathof zu besuchen, ein sch\u00f6nes Freilichtmuseum in Itterbeck (gleich hinter der Grenze bei Tubbergen-Mander).<br><br>In den Sommermonaten ist der Heimathof jeden Sonntagnachmittag von 14.00 bis 18.00 Uhr ge\u00f6ffnet.<\/div><\/div><\/div><div id=\"div_block-22-2\" class=\"ct-div-block\" ><img decoding=\"async\"  id=\"image-23-2\" alt=\"\" src=\"https:\/\/hmh.nvb.de\/wp-content\/uploads\/2023\/04\/wedding-room.jpg\" class=\"ct-image\"\/><div id=\"text_block-24-2\" class=\"ct-text-block Subheading\" >EVENTS<\/div><div id=\"div_block-25-2\" class=\"ct-div-block wine-preview-wrapper\" ><h3 id=\"headline-26-2\" class=\"ct-headline Heading3\">F\u00fchrungen<\/h3><div id=\"text_block-28-2\" class=\"ct-text-block winery-body-text\" > M\u00f6chten Sie gerne im wundersch\u00f6nen Ambiente des Heimathofes heiraten?<br>Die standesamtliche Trauung k\u00f6nnen Sie im Standesamt Uelsen anmelden. <\/div><\/div><\/div><\/div><\/div><\/section>\n\n<section id=\"section-127-2\" class=\" ct-section\" ><div class=\"ct-section-inner-wrap\"><h1 id=\"headline-149-2\" class=\"ct-headline \">Wilkommen auf unserer Internetseite <br><\/h1><div id=\"div_block-131-2\" class=\"ct-div-block\" ><div id=\"div_block-132-2\" class=\"ct-div-block\" ><div id=\"text_block-156-2\" class=\"ct-text-block winery-subheading\" >01.04.2024<\/div><h2 id=\"headline-129-2\" class=\"ct-headline \">N\u00e4chste Veranstaltung:<\/h2><div id=\"text_block-148-2\" class=\"ct-text-block\" >Saisoner\u00f6ffnung<br><\/div><div id=\"text_block-14-114\" class=\"ct-text-block\" >OSTERMONTAG den 1. April 2024<\/div><div id=\"text_block-166-2\" class=\"ct-text-block\" >Wir starten in die neue&nbsp; Saison.<br><br>Die Schmiede und das S\u00e4gewerk sind ge\u00f6ffnet und zeigen<br> wie das alte Handwerk funktioniert.<br><br>Der Oldtimerclub Niedergrafschaft stellt seine<br> historischen Schlepper zur Schau <br><br>...und im Cafe gibt es Kaffee und Kuchen&nbsp; <br> <\/div><a id=\"link_text-105-2\" class=\"ct-link-text OutlineButton\" href=\"https:\/\/hmh.nvb.de\/?page_id=15\"   >Mehr Veranstaltung<\/a><\/div><div id=\"div_block-138-2\" class=\"ct-div-block\" ><img decoding=\"async\"  id=\"image-152-2\" alt=\"\" src=\"https:\/\/hmh.nvb.de\/wp-content\/uploads\/2023\/04\/european-rabbits-bunnies-grass-wildlife.jpg\" class=\"ct-image\" srcset-disabled=\"https:\/\/hmh.nvb.de\/wp-content\/uploads\/2023\/04\/european-rabbits-bunnies-grass-wildlife.jpg 1200w, https:\/\/hmh.nvb.de\/wp-content\/uploads\/2023\/04\/european-rabbits-bunnies-grass-wildlife-300x199.jpg 300w, https:\/\/hmh.nvb.de\/wp-content\/uploads\/2023\/04\/european-rabbits-bunnies-grass-wildlife-1024x678.jpg 1024w, https:\/\/hmh.nvb.de\/wp-content\/uploads\/2023\/04\/european-rabbits-bunnies-grass-wildlife-768x509.jpg 768w\" sizes=\"(max-width: 1200px) 100vw, 1200px\" \/><\/div><\/div><\/div><\/section>\n\n<section id=\"section-81-2\" class=\" ct-section\" ><div class=\"ct-section-inner-wrap\"><div id=\"div_block-82-2\" class=\"ct-div-block\" ><img decoding=\"async\"  id=\"image-83-2\" alt=\"\" src=\"https:\/\/hmh.nvb.de\/wp-content\/uploads\/2023\/04\/timer.jpg\" class=\"ct-image img-hover\" srcset-disabled=\"https:\/\/hmh.nvb.de\/wp-content\/uploads\/2023\/04\/timer.jpg 940w, https:\/\/hmh.nvb.de\/wp-content\/uploads\/2023\/04\/timer-300x225.jpg 300w, https:\/\/hmh.nvb.de\/wp-content\/uploads\/2023\/04\/timer-768x576.jpg 768w\" sizes=\"(max-width: 940px) 100vw, 940px\" \/><img decoding=\"async\"  id=\"image-84-2\" alt=\"\" src=\"https:\/\/hmh.nvb.de\/wp-content\/uploads\/2023\/04\/konzeert.jpg\" class=\"ct-image img-hover\" srcset-disabled=\"https:\/\/hmh.nvb.de\/wp-content\/uploads\/2023\/04\/konzeert.jpg 1000w, https:\/\/hmh.nvb.de\/wp-content\/uploads\/2023\/04\/konzeert-300x225.jpg 300w, https:\/\/hmh.nvb.de\/wp-content\/uploads\/2023\/04\/konzeert-768x576.jpg 768w\" sizes=\"(max-width: 1000px) 100vw, 1000px\" \/><img decoding=\"async\"  id=\"image-85-2\" alt=\"\" src=\"https:\/\/hmh.nvb.de\/wp-content\/uploads\/2023\/04\/cafe.jpg\" class=\"ct-image img-hover\"\/><img decoding=\"async\"  id=\"image-86-2\" alt=\"\" src=\"https:\/\/hmh.nvb.de\/wp-content\/uploads\/2023\/04\/1504271206.jpg\" class=\"ct-image img-hover\"\/><img decoding=\"async\"  id=\"image-87-2\" alt=\"\" src=\"https:\/\/hmh.nvb.de\/wp-content\/uploads\/2023\/04\/sheune.jpg\" class=\"ct-image img-hover\"\/><img decoding=\"async\"  id=\"image-88-2\" alt=\"\" src=\"https:\/\/hmh.nvb.de\/wp-content\/uploads\/2023\/04\/1502815016.jpg\" class=\"ct-image img-hover\"\/><\/div><div id=\"div_block-89-2\" class=\"ct-div-block\" ><div id=\"div_block-94-2\" class=\"ct-div-block\" ><h2 id=\"headline-92-2\" class=\"ct-headline Heading2\">Geb\u00e4ude<\/h2><div id=\"text_block-168-2\" class=\"ct-text-block\" >Lorem ipsum dolor sit amet, consectetur adipiscing elit, sed do eiusmod tempor incididunt ut labore et dolore magna aliqua. Ut enim ad minim veniam, quis nostrud exercitation ullamco laboris nisi ut aliquip ex ea commodo consequat. Duis aute irure dolor in reprehenderit in voluptate velit esse cillum dolore eu fugiat nulla pariatur. Excepteur sint occaecat cupidatat non proident, sunt in culpa qui officia deserunt mollit anim id est laborum.<\/div><a id=\"link_text-169-2\" class=\"ct-link-text OutlineButton\" href=\"https:\/\/hmh.nvb.de\/?page_id=13\"   >Unsere Geb\u00e4ude<\/a><\/div><\/div><\/div><\/section>","protected":false},"excerpt":{"rendered":"","protected":false},"author":1,"featured_media":0,"parent":0,"menu_order":0,"comment_status":"closed","ping_status":"open","template":"","meta":{"footnotes":""},"class_list":["post-2","page","type-page","status-publish","hentry"],"_links":{"self":[{"href":"https:\/\/hmh.nvb.de\/index.php?rest_route=\/wp\/v2\/pages\/2","targetHints":{"allow":["GET"]}}],"collection":[{"href":"https:\/\/hmh.nvb.de\/index.php?rest_route=\/wp\/v2\/pages"}],"about":[{"href":"https:\/\/hmh.nvb.de\/index.php?rest_route=\/wp\/v2\/types\/page"}],"author":[{"embeddable":true,"href":"https:\/\/hmh.nvb.de\/index.php?rest_route=\/wp\/v2\/users\/1"}],"replies":[{"embeddable":true,"href":"https:\/\/hmh.nvb.de\/index.php?rest_route=%2Fwp%2Fv2%2Fcomments&post=2"}],"version-history":[{"count":7,"href":"https:\/\/hmh.nvb.de\/index.php?rest_route=\/wp\/v2\/pages\/2\/revisions"}],"predecessor-version":[{"id":140,"href":"https:\/\/hmh.nvb.de\/index.php?rest_route=\/wp\/v2\/pages\/2\/revisions\/140"}],"wp:attachment":[{"href":"https:\/\/hmh.nvb.de\/index.php?rest_route=%2Fwp%2Fv2%2Fmedia&parent=2"}],"curies":[{"name":"wp","href":"https:\/\/api.w.org\/{rel}","templated":true}]}}